63 and x.
9
Suppose 103 + 1193 = 57*t - 3*t. What is the greatest common factor of t and 5556?
12
Let d(a) = 63*a + 603. Let u be d(-6). Calculate the greatest common factor of 99 and u.
9
Let h be ((-704)/(-2) - -2)/1. Let i be (h/(-36))/(4/(-24)). Let c = 72 - i. What is the highest common divisor of 221 and c?
13
Let w = -599 + 479. Let l be w/(156/13)*(0 - 12). Calculate the greatest common divisor of 105 and l.
15
Suppose 227 = 6*x - 5*x + 3*z, 5*z + 908 = 4*x. Suppose -270 = -3*u - 2*r, -5*r = 2*u + 47 - x. What is the greatest common divisor of u and 10?
10
Let f be 26/(572/462) - -4434. What is the greatest common divisor of f and 550?
55
Let h = 97164 + -96891. Let z(l) = -l**2 + 12*l + 7. Let v be z(7). Calculate the highest common factor of v and h.
21
Let a(t) = -t**3 - 6*t**2 + 13*t - 5. Let o be a(-8). Suppose 5*r - 16 = o. Suppose 108 = r*q - q. Calculate the highest common divisor of 1 and q.
1
Suppose 10 = -3*a + 28. Let k(c) be the second derivative of -c**4/4 - c**3/6 + 6*c**2 - 43*c. Let q be k(0). Calculate the greatest common factor of q and a.
6
Suppose -7*a - 6*a + 78 = 0. Let h be (-128)/a*(5 + -17). What is the highest common divisor of 320 and h?
64
Let v(f) = -10*f - 8. Let j(w) = -w - 1. Let g(c) = -14*j(c) + 2*v(c). Let m be g(-6). Calculate the greatest common divisor of 102 and m.
34
Suppose 38110 = 171*g + 130*g - 95*g. Calculate the highest common divisor of 629 and g.
37
Let j be -1 - (-2 - (-10 + 7)). Let n be j + 3 + -2 + 448/8. What is the highest common divisor of n and 22?
11
Suppose 4*u + p - 38 = 44, -3*u + 4*p + 52 = 0. Suppose -s + 40 = 5*y, -4*y - 275 = -2*s - 223. Calculate the highest common divisor of s and u.
10
Let x(p) = 2249*p - 13478. Let d be x(6). Let k = 25 - 13. What is the greatest common divisor of d and k?
4
Let q be ((-18)/(-56)*7)/(2/8). Let b(j) = 2*j + 1. Let o be b(7). Calculate the greatest common factor of o and q.
3
Suppose -10*w - 16*w = 3*w - 30160. Calculate the highest common factor of 70 and w.
10
Suppose -4*a + 156 = y, -108*a = -105*a - 5*y - 140. What is the highest common divisor of a and 95?
5
Suppose -95 = 3*u - 2. Let w(h) = h**3 + 33*h**2 + 62*h + 9. Let q be w(u). Calculate the highest common divisor of 39 and q.
3
Let x be -20*((-6)/(-1) - 60974/172). Calculate the greatest common factor of 170 and x.
170
Suppose 2*u = -3*i - u + 168, -3*u + 280 = 5*i. Let n = 97 + -57. Calculate the highest common factor of i and n.
8
Suppose -a + 3*r = -76, -2*a = -0*a - 2*r - 136. Suppose -8*v - a = -12*v. What is the highest common factor of 944 and v?
16
Suppose -163 = -3*w - 43. Suppose -1 = -2*s - 7. Let r be (w/4 + s)*2. What is the highest common divisor of r and 35?
7
Suppose -2*t = 4*f - 786, f + 1477 = 3*t + 298. Let z = -381 + t. What is the greatest common factor of z and 28?
4
Let w be (-7)/(-21)*18/(-8)*-24. Let m = -99 + 274. Suppose -23*g + m = -w*g. What is the greatest common factor of 5 and g?
5
Suppose -o = -0*g - 3*g - 687, 4*o = 3*g + 687. Let a = -184 - g. What is the greatest common factor of a and 5?
5
Let z be (-132)/(-18) - (-4)/6. Let t = -58 + 61. Suppose 4 = x + t*q - 21, 2*q + 10 = 0. Calculate the highest common divisor of x and z.
8
Let z be 1/1 - -1 - -16. Let u(t) = -t**3 + 10*t**2 + 14*t - 4. Let q be u(9). Let w = q + -197. Calculate the highest common factor of z and w.
6
Let b(a) be the third derivative of a**6/120 - 7*a**5/30 + a**4/2 - 21*a**3/2 + 6*a**2. Let s be b(15). What is the highest common factor of 36 and s?
18
Let q(y) = -y**2 + y - 2. Let p be q(2). Let i be (-72)/45*-11 - p/10. What is the greatest common factor of i and 243?
9
Suppose 0 = v + 1, 23*i + 4*v + 544 = 27*i. What is the greatest common factor of 1305 and i?
45
Let i = 35531 - 20351. Calculate the greatest common divisor of 99 and i.
33
Let i be (-29 + (-1116)/(-24))*3/10*92. Calculate the highest common factor of i and 42.
21
Let j(l) be the second derivative of l**4/12 + 35*l**3/6 - 60*l**2 + 247*l. Let p be j(-41). What is the highest common factor of p and 63?
63
Suppose 0 = -w - 3*w - 16, -5*w + 5704 = 9*i. Calculate the highest common divisor of 108 and i.
12
Suppose 3*v = 185 - 128. Let j be 38/(-1)*(-17)/34. What is the greatest common divisor of j and v?
19
Let z = 6004 + -5993. What is the greatest common divisor of 6688 and z?
11
Suppose 0 = -0*g - g + 17. Let s be 4460/340 - 2/g. What is the greatest common divisor of s and 52?
13
Let x be 687/(-3) - (-2 - -4). Let c = -150 - x. What is the highest common divisor of 3 and c?
3
Suppose 13*l = -9*l + 14212. Calculate the greatest common factor of 190 and l.
38
Let w(i) = 28*i - 78. Let x be w(13). Let c be 2094/48 - 6/(-16). Calculate the highest common divisor of c and x.
22
Suppose -5*l = 54 - 39. Let f be 21 - (l/1 - (0 - 6)). Calculate the greatest common divisor of 144 and f.
18
Let o(x) = x**3 - 10*x**2 + 15*x + 10. Let g be o(8). Suppose 868 = g*f - 2*r + 6*r, -4*f = -5*r - 1736. Calculate the greatest common factor of f and 14.
14
Let i be ((-2499)/98)/((-3)/32*2). Let k = -117 + i. What is the highest common divisor of k and 4?
1
Let z(h) = 90 + 14*h - h + 2*h. Let c be z(8). What is the greatest common factor of 30 and c?
30
Suppose -169 = -5*w - 6*t, -w + 35*t - 33*t = -37. Calculate the greatest common divisor of 2996 and w.
7
Let y = 172 + -174. Let r be y + 564 - 7/1. What is the greatest common factor of 15 and r?
15
Let b be 489/15 + 1197/(-1995). Let t = -4 + 20. Calculate the greatest common divisor of b and t.
16
Suppose -28*d = -6095 - 2193. Let x = 301 - d. Calculate the greatest common divisor of 135 and x.
5
Let u(l) = -l**2 - 8*l - 10. Let x be u(-6). Suppose -4*v - i = -14, -2*v + 9*i = 6*i. Calculate the greatest common factor of v and x.
1
Suppose -1649 = 6*p - 1637. Let i be 414*(5/p - 8/(-2)). What is the highest common factor of 138 and i?
69
Let m(l) = -l**2 + 7*l + 15. Let q be m(-5). Let x = q + 50. Calculate the highest common divisor of x and 15.
5
Let r(z) = -525*z**3 + 6*z**2 + 4*z - 1. Let v be r(-1). Let u = -480 + v. Calculate the greatest common divisor of u and 23.
23
Let m be 2/6*4 - (2 - (-366)/(-9)). What is the highest common factor of m and 672?
8
Let w(r) = r**3 - r**2 - 22*r + 1. Let y be w(9). What is the highest common divisor of y and 22?
11
Let i(x) = -6*x**3 - 4*x**2 - 6*x - 30. Let f be i(-2). Calculate the highest common divisor of f and 1778.
14
Let p = 334 + -346. Let n be (-168)/(4*6/p). Suppose 0*a - 508 = -4*k + a, -3*a = 4*k - 492. Calculate the greatest common divisor of k and n.
42
Let s be 1*13 + 89782/242. What is the highest common divisor of s and 12?
12
Let k(r) = -124*r + 92. Let b be k(-42). What is the highest common divisor of 140 and b?
20
Let k(d) = 35*d**3 + 8*d**2 - 18*d + 4. Suppose 0 = 105*s - 116*s + 22. Let c be k(s). What is the highest common factor of c and 42?
14
Suppose 2*l + k = 1, -4*l = -k - 5 - 0. Let j be l/(5/2950) - -3. Suppose -61 = 14*v - j. Calculate the highest common divisor of 57 and v.
19
Suppose -4*s + 261 = 2*z - 2289, 4*s = -z + 2555. Suppose 6*l + 112 = s. Calculate the highest common factor of l and 8.
8
Let u = -3229 - -3449. Calculate the highest common divisor of u and 10.
10
Let u = -1285 + 1430. Calculate the greatest common divisor of 3509 and u.
29
Let c be -62*(1/(-2) + 0). Suppose 0 = -70*n + 4855 - 515. Calculate the greatest common factor of c and n.
31
Let s(w) = -7*w**2 + 370*w + 122. Let k be s(46). What is the highest common factor of 10 and k?
10
Let a = -15807 + 16137. What is the highest common factor of a and 2130?
30
Let x be 4 + (-6 + -2)*-1. Let a be x/78 - (-362)/13. What is the greatest common divisor of a and 64?
4
Let x(a) be the second derivative of -7/2*a**2 + 1/3*a**3 + 0 + 1/4*a**4 - 10*a. Let i be x(-3). Calculate the highest common factor of i and 42.
14
Let a be (-11 + 8 - -4)*(2 + 9). Let d(f) = -f**2 + 15*f - 9. Let l be d(a). What is the highest common divisor of l and 805?
35
Suppose -r = -2*k - 4795 + 15263, -8 = r. What is the greatest common factor of k and 10?
10
Let u = -1016 + 660. Let w = -340 - u. What is the highest common divisor of w and 400?
16
Let j(w) = 162*w**3 + w**2 + w - 3. Let b be j(1). Suppose -162*l + 36 = -b*l. What is the greatest comm